{"id":151,"date":"2023-06-12T11:36:28","date_gmt":"2023-06-12T09:36:28","guid":{"rendered":"http:\/\/mertener-schlossgespenster.de\/?page_id=151"},"modified":"2026-03-09T09:31:22","modified_gmt":"2026-03-09T08:31:22","slug":"bewegung-ein-schwerpunkt-unserer-arbeit","status":"publish","type":"page","link":"https:\/\/mertener-schlossgespenster.de\/?page_id=151","title":{"rendered":"Bewegung"},"content":{"rendered":"<div\n\t\t\t\n\t\t\tclass=\"so-widget-sow-hero so-widget-sow-hero-default-5e2cd5026a7c so-widget-fittext-wrapper\"\n\t\t\t data-fit-text-compressor=\"0.85\"\n\t\t>\t\t\t\t<div class=\"sow-slider-base\" style=\"display: none\" tabindex=\"0\">\n\t\t\t\t\t<ul\n\t\t\t\t\tclass=\"sow-slider-images\"\n\t\t\t\t\tdata-settings=\"{&quot;pagination&quot;:true,&quot;speed&quot;:800,&quot;timeout&quot;:8000,&quot;paused&quot;:false,&quot;pause_on_hover&quot;:false,&quot;swipe&quot;:true,&quot;nav_always_show_desktop&quot;:&quot;&quot;,&quot;nav_always_show_mobile&quot;:&quot;&quot;,&quot;breakpoint&quot;:&quot;780px&quot;,&quot;unmute&quot;:false,&quot;anchor&quot;:null}\"\n\t\t\t\t\tstyle=\"min-height: 400px\"\t\t\t\t\tdata-anchor-id=\"\"\n\t\t\t\t>\t\t<li class=\"sow-slider-image  sow-slider-image-cover\" style=\"visibility: visible;;background-color: #333333;background-image: url(https:\/\/mertener-schlossgespenster.de\/wp-content\/uploads\/2023\/06\/IMG_5023-1-rotated-e1693512021499.jpg)\" >\n\t\t\t\t\t<div class=\"sow-slider-image-container\">\n\t\t\t<div class=\"sow-slider-image-wrapper\">\n\t\t\t\t\t\t\t<\/div>\n\t\t<\/div>\n\t\t\t\t<\/li>\n\t\t\t\t<li class=\"sow-slider-image  sow-slider-image-cover\" style=\"visibility: hidden;;background-color: #333333\" data-background=\"url(https:\/\/mertener-schlossgespenster.de\/wp-content\/uploads\/2023\/06\/IMG_7321-rotated-e1693512094718.jpg)\" >\n\t\t\t\t\t<div class=\"sow-slider-image-container\">\n\t\t\t<div class=\"sow-slider-image-wrapper\">\n\t\t\t\t\t\t\t<\/div>\n\t\t<\/div>\n\t\t\t\t<\/li>\n\t\t\t\t<li class=\"sow-slider-image  sow-slider-image-cover\" style=\"visibility: hidden;;background-color: #333333\" data-background=\"url(https:\/\/mertener-schlossgespenster.de\/wp-content\/uploads\/2023\/06\/DSC_0040-1-scaled-e1693512159577.jpg)\" >\n\t\t\t\t\t<div class=\"sow-slider-image-container\">\n\t\t\t<div class=\"sow-slider-image-wrapper\">\n\t\t\t\t\t\t\t<\/div>\n\t\t<\/div>\n\t\t\t\t<\/li>\n\t\t\t\t<li class=\"sow-slider-image  sow-slider-image-cover\" style=\"visibility: hidden;;background-color: #333333\" data-background=\"url(https:\/\/mertener-schlossgespenster.de\/wp-content\/uploads\/2023\/06\/IMG_8790-rotated-e1693512261117.jpg)\" >\n\t\t\t\t\t<div class=\"sow-slider-image-container\">\n\t\t\t<div class=\"sow-slider-image-wrapper\">\n\t\t\t\t\t\t\t<\/div>\n\t\t<\/div>\n\t\t\t\t<\/li>\n\t\t<\/ul>\t\t\t\t<ol class=\"sow-slider-pagination\">\n\t\t\t\t\t\t\t\t\t\t\t<li><a href=\"#\" data-goto=\"0\" aria-label=\"Display slide 1\"><\/a><\/li>\n\t\t\t\t\t\t\t\t\t\t\t<li><a href=\"#\" data-goto=\"1\" aria-label=\"Display slide 2\"><\/a><\/li>\n\t\t\t\t\t\t\t\t\t\t\t<li><a href=\"#\" data-goto=\"2\" aria-label=\"Display slide 3\"><\/a><\/li>\n\t\t\t\t\t\t\t\t\t\t\t<li><a href=\"#\" data-goto=\"3\" aria-label=\"Display slide 4\"><\/a><\/li>\n\t\t\t\t\t\t\t\t\t<\/ol>\n\n\t\t\t\t<div class=\"sow-slide-nav sow-slide-nav-next\">\n\t\t\t\t\t<a href=\"#\" data-goto=\"next\" aria-label=\"Next slide\" data-action=\"next\">\n\t\t\t\t\t\t<em class=\"sow-sld-icon-thin-right\"><\/em>\n\t\t\t\t\t<\/a>\n\t\t\t\t<\/div>\n\n\t\t\t\t<div class=\"sow-slide-nav sow-slide-nav-prev\">\n\t\t\t\t\t<a href=\"#\" data-goto=\"previous\" aria-label=\"Previous slide\" data-action=\"prev\">\n\t\t\t\t\t\t<em class=\"sow-sld-icon-thin-left\"><\/em>\n\t\t\t\t\t<\/a>\n\t\t\t\t<\/div>\n\t\t\t\t<\/div><\/div>\n\n\n<p><\/p>\n\n\n<h2 class=\"wp-block-post-title\">Bewegung<\/h2>\n\n\n<p>Dem kindlichen Bed\u00fcrfnis nach Bewegung geben wir bewusst viel Raum.<\/p>\n\n\n\n<p>Die Kinder k\u00f6nnen sich nach ihrem eigenen Rhythmus bewegen. Dies kann allein, zu zweit, in Kleingruppen oder der Gesamtgruppe sein.<\/p>\n\n\n\n<p>Die Auswahl der Sportmaterial ist gepr\u00e4gt durch eine Fortbildung im Bereich Psychomotorik. Aktuell ist eine Erzieherin mit dieser Zusatzqualifikation im Kindergarten eingestellt.<\/p>\n\n\n\n<p>Den Kindern stehen im Haus verschiedene R\u00e4umlichkeiten mit einer Vielzahl von Materialien f\u00fcr unterschiedlichste Bewegungsaktivit\u00e4ten zur Verf\u00fcgung. Diese k\u00f6nnen frei oder in Angeboten genutzt werden. Die R\u00e4umlichkeiten dienen unter anderem dazu, den Kindern Freiraum f\u00fcr Bewegungsspiele zu geben. Dabei wird der Eigenkonstruktion Raum gelassen, indem die Kinder sich M\u00f6glichkeiten zum Klettern bauen. Dies regt die kindliche Fantasie an und es entstehen Bauwerke, die zu Rollenspielen animieren.<\/p>\n\n\n\n<p>Der lange Flur des Kindergartens l\u00e4dt zu Bewegungsspielen, wie z.B. Ball- oder Rennspiele, ein.<\/p>\n\n\n\n<p>Unser multifunktionaler Nebenraum ist gleichzeitig unser Turnraum. In diesem Nebenraum gibt es ein Schienensystem an der Decke. Diese Einrichtung dient dazu, eine H\u00e4ngematte oder andere Schaukelelemente etc. anzubringen.<\/p>\n\n\n\n<p>Au\u00dferdem befinden sich hier Schr\u00e4nke mit Sportmaterialien. Diese Materialien sind gr\u00f6\u00dftenteils Holzger\u00e4te von Pikler und Hengstenberg.<\/p>\n\n\n\n<p>Der Kindergarten besitzt das Pikler-Dreieck und daf\u00fcr ein langes und ein kurzes Rutschbrett, sowie eine H\u00fchnerleiter zum einh\u00e4ngen. Ein Rutschbrett kann ebenfalls als Kippelbrett verwendet werden. Erg\u00e4nzend gibt es zwei Hengstenberg-Spielhocker. Zwischen diese kann ein Rutschbrett eingehangen werden, was dann als Balancierbrett fungiert. Zudem dienen die Hocker zum Durchkriechen, Hineinsetzen, Bauen und Klettern.<\/p>\n\n\n\n<p>Au\u00dferdem ist der Kindergarten in Besitz weiterer Bodenmaterialien von Hengstenberg, wie Kippelh\u00f6lzer, Vierkanth\u00f6lzer, einer Kippelscheibe und Bau- und Balancierbrettchen.<\/p>\n\n\n\n<p>Weitere Sportmaterialien wie Seile, Jongliert\u00fccher, verschiedene B\u00e4lle, Sands\u00e4ckchen, halbe Igelb\u00e4lle zum Balancieren, Reifen uvm., steht den Kindern auf Nachfrage zur Verf\u00fcgung. Ein paar ausgew\u00e4hlte und wechselnde Sportmaterialien davon, stehen den Kindern frei zur Verf\u00fcgung.<\/p>\n\n\n\n<p>Ebenfalls gibt es ein Varussel, auf dem die Kinder sich drehen und Schwindel-Erfahrungen sammeln k\u00f6nnen.<\/p>\n\n\n\n<p>Au\u00dferdem haben die Kinder die M\u00f6glichkeit, ihren Bewegungsdrang an der frischen Luft auszuleben. Es ist f\u00fcr die Kinder auf Anfrage w\u00e4hlbar, drinnen oder drau\u00dfen zu spielen.<\/p>\n\n\n\n<p>Im Au\u00dfenbereich befindet sich unser Schiff, der \u201eSchnelle Blauwal\u201c, um allerhand Klettererfahrungen zu sammeln. Au\u00dferdem befindet sich im Garten eine Rutsche, Stege zum Balancieren und unterschiedliche Bodenmaterialien.<\/p>\n\n\n\n<p>Neben unserem Au\u00dfengel\u00e4nde bietet das Dorf mehrere M\u00f6glichkeiten f\u00fcr Bewegungserfahrungen. Das beginnt mit einem Spaziergang zum Gest\u00fct und endet noch lange nicht bei unseren Waldtagen. Auch der Schlosspark steht uns stets als Spiel- und Bewegungsraum zur Verf\u00fcgung.<\/p>\n\n\n\n<p>Bewegungserfahrungen sind grunds\u00e4tzlich mit Gef\u00fchlen wie Angst, Mut etc. verbunden, die vom Team sprachlich und emotional begleitet werden.<\/p>\n\n\n\n<p>Der Bewegungsdrang eines Kindes findet da seine Grenzen, wo die Belange der Gesamtgruppe beeintr\u00e4chtigt werden oder aus aufsichtsrechtlichen Gr\u00fcnden Einschr\u00e4nkungen erfolgen m\u00fcssen.<\/p>\n","protected":false},"excerpt":{"rendered":"<p>Dem kindlichen Bed\u00fcrfnis nach Bewegung geben wir bewusst viel Raum. Die Kinder k\u00f6nnen sich nach ihrem eigenen Rhythmus bewegen. Dies kann allein, zu zweit, in Kleingruppen oder der Gesamtgruppe sein. Die Auswahl der Sportmaterial ist gepr\u00e4gt durch eine Fortbildung im Bereich Psychomotorik. Aktuell ist eine Erzieherin mit dieser Zusatzqualifikation im Kindergarten eingestellt. Den Kindern stehen &#8230; <a title=\"Bewegung\" class=\"read-more\" href=\"https:\/\/mertener-schlossgespenster.de\/?page_id=151\" aria-label=\"Mehr Informationen \u00fcber Bewegung\">Weiterlesen<\/a><\/p>\n","protected":false},"author":2,"featured_media":0,"parent":0,"menu_order":5,"comment_status":"closed","ping_status":"closed","template":"","meta":{"footnotes":""},"class_list":["post-151","page","type-page","status-publish"],"yoast_head":"<!-- This site is optimized with the Yoast SEO plugin v27.1.1 - https:\/\/yoast.com\/product\/yoast-seo-wordpress\/ -->\n<title>Bewegung - Mertener Schlossgespenster<\/title>\n<meta name=\"robots\" content=\"noindex, follow\" \/>\n<script type=\"application\/ld+json\" class=\"yoast-schema-graph\">{\"@context\":\"https:\/\/schema.org\",\"@graph\":[{\"@type\":\"WebPage\",\"@id\":\"https:\/\/mertener-schlossgespenster.de\/?page_id=151\",\"url\":\"https:\/\/mertener-schlossgespenster.de\/?page_id=151\",\"name\":\"Bewegung - Mertener Schlossgespenster\",\"isPartOf\":{\"@id\":\"https:\/\/mertener-schlossgespenster.de\/#website\"},\"datePublished\":\"2023-06-12T09:36:28+00:00\",\"dateModified\":\"2026-03-09T08:31:22+00:00\",\"breadcrumb\":{\"@id\":\"https:\/\/mertener-schlossgespenster.de\/?page_id=151#breadcrumb\"},\"inLanguage\":\"de\",\"potentialAction\":[{\"@type\":\"ReadAction\",\"target\":[\"https:\/\/mertener-schlossgespenster.de\/?page_id=151\"]}]},{\"@type\":\"BreadcrumbList\",\"@id\":\"https:\/\/mertener-schlossgespenster.de\/?page_id=151#breadcrumb\",\"itemListElement\":[{\"@type\":\"ListItem\",\"position\":1,\"name\":\"Startseite\",\"item\":\"https:\/\/mertener-schlossgespenster.de\/\"},{\"@type\":\"ListItem\",\"position\":2,\"name\":\"Bewegung\"}]},{\"@type\":\"WebSite\",\"@id\":\"https:\/\/mertener-schlossgespenster.de\/#website\",\"url\":\"https:\/\/mertener-schlossgespenster.de\/\",\"name\":\"Mertener Schlossgespenster\",\"description\":\"\",\"publisher\":{\"@id\":\"https:\/\/mertener-schlossgespenster.de\/#organization\"},\"potentialAction\":[{\"@type\":\"SearchAction\",\"target\":{\"@type\":\"EntryPoint\",\"urlTemplate\":\"https:\/\/mertener-schlossgespenster.de\/?s={search_term_string}\"},\"query-input\":{\"@type\":\"PropertyValueSpecification\",\"valueRequired\":true,\"valueName\":\"search_term_string\"}}],\"inLanguage\":\"de\"},{\"@type\":\"Organization\",\"@id\":\"https:\/\/mertener-schlossgespenster.de\/#organization\",\"name\":\"Mertener Schlossgespenster\",\"url\":\"https:\/\/mertener-schlossgespenster.de\/\",\"logo\":{\"@type\":\"ImageObject\",\"inLanguage\":\"de\",\"@id\":\"https:\/\/mertener-schlossgespenster.de\/#\/schema\/logo\/image\/\",\"url\":\"https:\/\/mertener-schlossgespenster.de\/wp-content\/uploads\/2023\/08\/cropped-Logo-Klein-m-1.png\",\"contentUrl\":\"https:\/\/mertener-schlossgespenster.de\/wp-content\/uploads\/2023\/08\/cropped-Logo-Klein-m-1.png\",\"width\":512,\"height\":512,\"caption\":\"Mertener Schlossgespenster\"},\"image\":{\"@id\":\"https:\/\/mertener-schlossgespenster.de\/#\/schema\/logo\/image\/\"}}]}<\/script>\n<!-- \/ Yoast SEO plugin. -->","yoast_head_json":{"title":"Bewegung - Mertener Schlossgespenster","robots":{"index":"noindex","follow":"follow"},"schema":{"@context":"https:\/\/schema.org","@graph":[{"@type":"WebPage","@id":"https:\/\/mertener-schlossgespenster.de\/?page_id=151","url":"https:\/\/mertener-schlossgespenster.de\/?page_id=151","name":"Bewegung - Mertener Schlossgespenster","isPartOf":{"@id":"https:\/\/mertener-schlossgespenster.de\/#website"},"datePublished":"2023-06-12T09:36:28+00:00","dateModified":"2026-03-09T08:31:22+00:00","breadcrumb":{"@id":"https:\/\/mertener-schlossgespenster.de\/?page_id=151#breadcrumb"},"inLanguage":"de","potentialAction":[{"@type":"ReadAction","target":["https:\/\/mertener-schlossgespenster.de\/?page_id=151"]}]},{"@type":"BreadcrumbList","@id":"https:\/\/mertener-schlossgespenster.de\/?page_id=151#breadcrumb","itemListElement":[{"@type":"ListItem","position":1,"name":"Startseite","item":"https:\/\/mertener-schlossgespenster.de\/"},{"@type":"ListItem","position":2,"name":"Bewegung"}]},{"@type":"WebSite","@id":"https:\/\/mertener-schlossgespenster.de\/#website","url":"https:\/\/mertener-schlossgespenster.de\/","name":"Mertener Schlossgespenster","description":"","publisher":{"@id":"https:\/\/mertener-schlossgespenster.de\/#organization"},"potentialAction":[{"@type":"SearchAction","target":{"@type":"EntryPoint","urlTemplate":"https:\/\/mertener-schlossgespenster.de\/?s={search_term_string}"},"query-input":{"@type":"PropertyValueSpecification","valueRequired":true,"valueName":"search_term_string"}}],"inLanguage":"de"},{"@type":"Organization","@id":"https:\/\/mertener-schlossgespenster.de\/#organization","name":"Mertener Schlossgespenster","url":"https:\/\/mertener-schlossgespenster.de\/","logo":{"@type":"ImageObject","inLanguage":"de","@id":"https:\/\/mertener-schlossgespenster.de\/#\/schema\/logo\/image\/","url":"https:\/\/mertener-schlossgespenster.de\/wp-content\/uploads\/2023\/08\/cropped-Logo-Klein-m-1.png","contentUrl":"https:\/\/mertener-schlossgespenster.de\/wp-content\/uploads\/2023\/08\/cropped-Logo-Klein-m-1.png","width":512,"height":512,"caption":"Mertener Schlossgespenster"},"image":{"@id":"https:\/\/mertener-schlossgespenster.de\/#\/schema\/logo\/image\/"}}]}},"_links":{"self":[{"href":"https:\/\/mertener-schlossgespenster.de\/index.php?rest_route=\/wp\/v2\/pages\/151","targetHints":{"allow":["GET"]}}],"collection":[{"href":"https:\/\/mertener-schlossgespenster.de\/index.php?rest_route=\/wp\/v2\/pages"}],"about":[{"href":"https:\/\/mertener-schlossgespenster.de\/index.php?rest_route=\/wp\/v2\/types\/page"}],"author":[{"embeddable":true,"href":"https:\/\/mertener-schlossgespenster.de\/index.php?rest_route=\/wp\/v2\/users\/2"}],"replies":[{"embeddable":true,"href":"https:\/\/mertener-schlossgespenster.de\/index.php?rest_route=%2Fwp%2Fv2%2Fcomments&post=151"}],"version-history":[{"count":2,"href":"https:\/\/mertener-schlossgespenster.de\/index.php?rest_route=\/wp\/v2\/pages\/151\/revisions"}],"predecessor-version":[{"id":1668,"href":"https:\/\/mertener-schlossgespenster.de\/index.php?rest_route=\/wp\/v2\/pages\/151\/revisions\/1668"}],"wp:attachment":[{"href":"https:\/\/mertener-schlossgespenster.de\/index.php?rest_route=%2Fwp%2Fv2%2Fmedia&parent=151"}],"curies":[{"name":"wp","href":"https:\/\/api.w.org\/{rel}","templated":true}]}}