{"id":145,"date":"2023-06-12T11:31:08","date_gmt":"2023-06-12T09:31:08","guid":{"rendered":"http:\/\/mertener-schlossgespenster.de\/?page_id=145"},"modified":"2026-03-09T09:31:15","modified_gmt":"2026-03-09T08:31:15","slug":"foerderung-der-kreativitaet","status":"publish","type":"page","link":"https:\/\/mertener-schlossgespenster.de\/?page_id=145","title":{"rendered":"F\u00f6rderung der Kreativit\u00e4t"},"content":{"rendered":"<div\n\t\t\t\n\t\t\tclass=\"so-widget-sow-hero so-widget-sow-hero-default-5e2cd5026a7c so-widget-fittext-wrapper\"\n\t\t\t data-fit-text-compressor=\"0.85\"\n\t\t>\t\t\t\t<div class=\"sow-slider-base\" style=\"display: none\" tabindex=\"0\">\n\t\t\t\t\t<ul\n\t\t\t\t\tclass=\"sow-slider-images\"\n\t\t\t\t\tdata-settings=\"{&quot;pagination&quot;:true,&quot;speed&quot;:800,&quot;timeout&quot;:8000,&quot;paused&quot;:false,&quot;pause_on_hover&quot;:false,&quot;swipe&quot;:true,&quot;nav_always_show_desktop&quot;:&quot;&quot;,&quot;nav_always_show_mobile&quot;:&quot;&quot;,&quot;breakpoint&quot;:&quot;780px&quot;,&quot;unmute&quot;:false,&quot;anchor&quot;:null}\"\n\t\t\t\t\tstyle=\"min-height: 400px\"\t\t\t\t\tdata-anchor-id=\"\"\n\t\t\t\t>\t\t<li class=\"sow-slider-image  sow-slider-image-cover\" style=\"visibility: visible;;background-color: #333333;background-image: url(https:\/\/mertener-schlossgespenster.de\/wp-content\/uploads\/2023\/06\/DSC_0005-scaled-e1693511507698.jpg)\" >\n\t\t\t\t\t<div class=\"sow-slider-image-container\">\n\t\t\t<div class=\"sow-slider-image-wrapper\">\n\t\t\t\t\t\t\t<\/div>\n\t\t<\/div>\n\t\t\t\t<\/li>\n\t\t\t\t<li class=\"sow-slider-image  sow-slider-image-cover\" style=\"visibility: hidden;;background-color: #333333\" data-background=\"url(https:\/\/mertener-schlossgespenster.de\/wp-content\/uploads\/2023\/06\/DSC_0210-scaled-e1693511612515.jpg)\" >\n\t\t\t\t\t<div class=\"sow-slider-image-container\">\n\t\t\t<div class=\"sow-slider-image-wrapper\">\n\t\t\t\t\t\t\t<\/div>\n\t\t<\/div>\n\t\t\t\t<\/li>\n\t\t\t\t<li class=\"sow-slider-image  sow-slider-image-cover\" style=\"visibility: hidden;;background-color: #333333\" data-background=\"url(https:\/\/mertener-schlossgespenster.de\/wp-content\/uploads\/2023\/06\/DSC_0090-scaled.jpg)\" >\n\t\t\t\t\t<div class=\"sow-slider-image-container\">\n\t\t\t<div class=\"sow-slider-image-wrapper\">\n\t\t\t\t\t\t\t<\/div>\n\t\t<\/div>\n\t\t\t\t<\/li>\n\t\t\t\t<li class=\"sow-slider-image  sow-slider-image-cover\" style=\"visibility: hidden;;background-color: #333333\" data-background=\"url(https:\/\/mertener-schlossgespenster.de\/wp-content\/uploads\/2023\/06\/DSC_0154-scaled-e1693511772140.jpg)\" >\n\t\t\t\t\t<div class=\"sow-slider-image-container\">\n\t\t\t<div class=\"sow-slider-image-wrapper\">\n\t\t\t\t\t\t\t<\/div>\n\t\t<\/div>\n\t\t\t\t<\/li>\n\t\t<\/ul>\t\t\t\t<ol class=\"sow-slider-pagination\">\n\t\t\t\t\t\t\t\t\t\t\t<li><a href=\"#\" data-goto=\"0\" aria-label=\"Display slide 1\"><\/a><\/li>\n\t\t\t\t\t\t\t\t\t\t\t<li><a href=\"#\" data-goto=\"1\" aria-label=\"Display slide 2\"><\/a><\/li>\n\t\t\t\t\t\t\t\t\t\t\t<li><a href=\"#\" data-goto=\"2\" aria-label=\"Display slide 3\"><\/a><\/li>\n\t\t\t\t\t\t\t\t\t\t\t<li><a href=\"#\" data-goto=\"3\" aria-label=\"Display slide 4\"><\/a><\/li>\n\t\t\t\t\t\t\t\t\t<\/ol>\n\n\t\t\t\t<div class=\"sow-slide-nav sow-slide-nav-next\">\n\t\t\t\t\t<a href=\"#\" data-goto=\"next\" aria-label=\"Next slide\" data-action=\"next\">\n\t\t\t\t\t\t<em class=\"sow-sld-icon-thin-right\"><\/em>\n\t\t\t\t\t<\/a>\n\t\t\t\t<\/div>\n\n\t\t\t\t<div class=\"sow-slide-nav sow-slide-nav-prev\">\n\t\t\t\t\t<a href=\"#\" data-goto=\"previous\" aria-label=\"Previous slide\" data-action=\"prev\">\n\t\t\t\t\t\t<em class=\"sow-sld-icon-thin-left\"><\/em>\n\t\t\t\t\t<\/a>\n\t\t\t\t<\/div>\n\t\t\t\t<\/div><\/div>\n\n\n<p><\/p>\n\n\n<h2 class=\"wp-block-post-title\">F\u00f6rderung der Kreativit\u00e4t<\/h2>\n\n\n<p>Kreativit\u00e4t ist eine Schl\u00fcsselkompetenz. Sie ist keine Begabung, \u00fcber die ein Mensch verf\u00fcgt oder nicht, sondern eine Kompetenz die gef\u00f6rdert und entwickelt werden kann, aber auch gehemmt und blockiert. Sie ist nicht nur den k\u00fcnstlerischen Bereich vorbehalten, sondern zieht sich durch s\u00e4mtliche Lebensbereiche. Ob wir nach einer L\u00f6sung suchen, um ein Problem zu beheben, eine Aufgabenstellung meistern oder einen Konflikt l\u00f6sen m\u00fcssen, all das bedarf der Grundlage von Kreativit\u00e4t.<\/p>\n\n\n\n<p>Sie basiert auf der F\u00e4higkeit Beziehungen zwischen der Au\u00dfen- und Innenwelt herzustellen, zwischen Erfahrungen und Erkenntnissen, die zuvor nicht aufeinander bezogen waren und l\u00e4sst neue Denkweisen, Ideen, Produkte und Handlungen entstehen. Kreativit\u00e4t ist also eine Probleml\u00f6sungskompetenz.<\/p>\n\n\n\n<p>Deshalb legen wir in unserer Kita einen gro\u00dfen Schwerpunkt in die Kreativit\u00e4tsf\u00f6rderung der Kinder. Die Kinder finden hier viele verschiedene Handlungsfelder, um ihre Kreativit\u00e4t leben und somit weiterentwickeln zu k\u00f6nnen. Dies bezieht sich nicht nur auf das Ausleben ihrer k\u00fcnstlerischen Kreativit\u00e4t, sondern Kreativit\u00e4tsf\u00f6rderderung findet bei uns im kompletten Kitaalltag statt. So z.B. durch die \u201eSpielzeugfreie Zeit\u201c, die j\u00e4hrlich \u00fcber mehrere Monate stattfindet (siehe spielzeugfreie Zeit), durch Partizipation, die wir in unserer Kita leben, unsere Naturerlebnistage, das w\u00f6chentliche Musikangebot, das Freispiel, aber auch z.B. das Einbeziehen und Best\u00e4rken der Kinder bei Konfliktl\u00f6sungen uvm. Auch die extra daf\u00fcr angelegten R\u00e4umlichkeiten, geben den Kindern die M\u00f6glichkeit, ihre Fantasie und k\u00fcnstlerischen F\u00e4higkeiten leben und weiterentwickeln zu k\u00f6nnen.<\/p>\n\n\n\n<p>In unserem Gruppenraum steht den Kindern eine Kreativecke mit verschiedensten Materialien zur freien Verf\u00fcgung. Hier k\u00f6nnen sich die Kinder selbst\u00e4ndig ausprobieren, eigene Ideen umsetzten und somit ihr Erfahrungsfeld erweitern. In offenen Regalen, in \u00fcberschaubarer Ordnung, stehen f\u00fcr die Kindern, in Augenh\u00f6he, unterschiedlichste Materialien wie z.B. Papier und Pappe, Kleber, Schere, verschiedene Stifte, Wolle, Naturmaterialen, wertfreies Material, selbstgemachte Knete uvm. bereit, die sie ungefragt nutzen k\u00f6nnen. Aber auch angeleitete Angebote finden hier statt, um neue Impulse zu setzen und Lernfelder zu erm\u00f6glichen.&nbsp;<\/p>\n\n\n\n<p>In einem kleinen Anbau, direkt hinter dem Eingang der Kita, befindet sich ein wenig abseits der anderen R\u00e4umlichkeiten, ein kleiner Werkraum. Dieser wird von uns als angeleitetes Atelier und Werkst\u00e4tte genutzt.<\/p>\n\n\n\n<p>Hier k\u00f6nnen die Kinder erste Erfahrungen mit erweiterten Materialien wie z.B. Holz, Gips, Acrylfarben, Ton u.v.m. sammeln. Unter Anleitung, jedoch auch hier mit Fokus auf freier, individueller und kreativer Entfaltung, k\u00f6nnen die Kinder S\u00e4gen, H\u00e4mmern, Matschen, Formen, Drucken und mit Farbe Kleckern, was im Kitaaltag im Gruppenraum so nicht m\u00f6glich w\u00e4re.<\/p>\n\n\n\n<p>Hierdurch erweitert sich das Erfahrungsfeld der Kinder und bietet zus\u00e4tzliche M\u00f6glichkeiten zur F\u00f6rderung der kindlichen Kreativit\u00e4t.<\/p>\n","protected":false},"excerpt":{"rendered":"<p>Kreativit\u00e4t ist eine Schl\u00fcsselkompetenz. Sie ist keine Begabung, \u00fcber die ein Mensch verf\u00fcgt oder nicht, sondern eine Kompetenz die gef\u00f6rdert und entwickelt werden kann, aber auch gehemmt und blockiert. Sie ist nicht nur den k\u00fcnstlerischen Bereich vorbehalten, sondern zieht sich durch s\u00e4mtliche Lebensbereiche. Ob wir nach einer L\u00f6sung suchen, um ein Problem zu beheben, eine &#8230; <a title=\"F\u00f6rderung der Kreativit\u00e4t\" class=\"read-more\" href=\"https:\/\/mertener-schlossgespenster.de\/?page_id=145\" aria-label=\"Mehr Informationen \u00fcber F\u00f6rderung der Kreativit\u00e4t\">Weiterlesen<\/a><\/p>\n","protected":false},"author":2,"featured_media":0,"parent":0,"menu_order":4,"comment_status":"closed","ping_status":"closed","template":"","meta":{"footnotes":""},"class_list":["post-145","page","type-page","status-publish"],"yoast_head":"<!-- This site is optimized with the Yoast SEO plugin v27.1.1 - https:\/\/yoast.com\/product\/yoast-seo-wordpress\/ -->\n<title>F\u00f6rderung der Kreativit\u00e4t - Mertener Schlossgespenster<\/title>\n<meta name=\"robots\" content=\"noindex, follow\" \/>\n<script type=\"application\/ld+json\" class=\"yoast-schema-graph\">{\"@context\":\"https:\/\/schema.org\",\"@graph\":[{\"@type\":\"WebPage\",\"@id\":\"https:\/\/mertener-schlossgespenster.de\/?page_id=145\",\"url\":\"https:\/\/mertener-schlossgespenster.de\/?page_id=145\",\"name\":\"F\u00f6rderung der Kreativit\u00e4t - Mertener Schlossgespenster\",\"isPartOf\":{\"@id\":\"https:\/\/mertener-schlossgespenster.de\/#website\"},\"datePublished\":\"2023-06-12T09:31:08+00:00\",\"dateModified\":\"2026-03-09T08:31:15+00:00\",\"breadcrumb\":{\"@id\":\"https:\/\/mertener-schlossgespenster.de\/?page_id=145#breadcrumb\"},\"inLanguage\":\"de\",\"potentialAction\":[{\"@type\":\"ReadAction\",\"target\":[\"https:\/\/mertener-schlossgespenster.de\/?page_id=145\"]}]},{\"@type\":\"BreadcrumbList\",\"@id\":\"https:\/\/mertener-schlossgespenster.de\/?page_id=145#breadcrumb\",\"itemListElement\":[{\"@type\":\"ListItem\",\"position\":1,\"name\":\"Startseite\",\"item\":\"https:\/\/mertener-schlossgespenster.de\/\"},{\"@type\":\"ListItem\",\"position\":2,\"name\":\"F\u00f6rderung der Kreativit\u00e4t\"}]},{\"@type\":\"WebSite\",\"@id\":\"https:\/\/mertener-schlossgespenster.de\/#website\",\"url\":\"https:\/\/mertener-schlossgespenster.de\/\",\"name\":\"Mertener Schlossgespenster\",\"description\":\"\",\"publisher\":{\"@id\":\"https:\/\/mertener-schlossgespenster.de\/#organization\"},\"potentialAction\":[{\"@type\":\"SearchAction\",\"target\":{\"@type\":\"EntryPoint\",\"urlTemplate\":\"https:\/\/mertener-schlossgespenster.de\/?s={search_term_string}\"},\"query-input\":{\"@type\":\"PropertyValueSpecification\",\"valueRequired\":true,\"valueName\":\"search_term_string\"}}],\"inLanguage\":\"de\"},{\"@type\":\"Organization\",\"@id\":\"https:\/\/mertener-schlossgespenster.de\/#organization\",\"name\":\"Mertener Schlossgespenster\",\"url\":\"https:\/\/mertener-schlossgespenster.de\/\",\"logo\":{\"@type\":\"ImageObject\",\"inLanguage\":\"de\",\"@id\":\"https:\/\/mertener-schlossgespenster.de\/#\/schema\/logo\/image\/\",\"url\":\"https:\/\/mertener-schlossgespenster.de\/wp-content\/uploads\/2023\/08\/cropped-Logo-Klein-m-1.png\",\"contentUrl\":\"https:\/\/mertener-schlossgespenster.de\/wp-content\/uploads\/2023\/08\/cropped-Logo-Klein-m-1.png\",\"width\":512,\"height\":512,\"caption\":\"Mertener Schlossgespenster\"},\"image\":{\"@id\":\"https:\/\/mertener-schlossgespenster.de\/#\/schema\/logo\/image\/\"}}]}<\/script>\n<!-- \/ Yoast SEO plugin. -->","yoast_head_json":{"title":"F\u00f6rderung der Kreativit\u00e4t - Mertener Schlossgespenster","robots":{"index":"noindex","follow":"follow"},"schema":{"@context":"https:\/\/schema.org","@graph":[{"@type":"WebPage","@id":"https:\/\/mertener-schlossgespenster.de\/?page_id=145","url":"https:\/\/mertener-schlossgespenster.de\/?page_id=145","name":"F\u00f6rderung der Kreativit\u00e4t - Mertener Schlossgespenster","isPartOf":{"@id":"https:\/\/mertener-schlossgespenster.de\/#website"},"datePublished":"2023-06-12T09:31:08+00:00","dateModified":"2026-03-09T08:31:15+00:00","breadcrumb":{"@id":"https:\/\/mertener-schlossgespenster.de\/?page_id=145#breadcrumb"},"inLanguage":"de","potentialAction":[{"@type":"ReadAction","target":["https:\/\/mertener-schlossgespenster.de\/?page_id=145"]}]},{"@type":"BreadcrumbList","@id":"https:\/\/mertener-schlossgespenster.de\/?page_id=145#breadcrumb","itemListElement":[{"@type":"ListItem","position":1,"name":"Startseite","item":"https:\/\/mertener-schlossgespenster.de\/"},{"@type":"ListItem","position":2,"name":"F\u00f6rderung der Kreativit\u00e4t"}]},{"@type":"WebSite","@id":"https:\/\/mertener-schlossgespenster.de\/#website","url":"https:\/\/mertener-schlossgespenster.de\/","name":"Mertener Schlossgespenster","description":"","publisher":{"@id":"https:\/\/mertener-schlossgespenster.de\/#organization"},"potentialAction":[{"@type":"SearchAction","target":{"@type":"EntryPoint","urlTemplate":"https:\/\/mertener-schlossgespenster.de\/?s={search_term_string}"},"query-input":{"@type":"PropertyValueSpecification","valueRequired":true,"valueName":"search_term_string"}}],"inLanguage":"de"},{"@type":"Organization","@id":"https:\/\/mertener-schlossgespenster.de\/#organization","name":"Mertener Schlossgespenster","url":"https:\/\/mertener-schlossgespenster.de\/","logo":{"@type":"ImageObject","inLanguage":"de","@id":"https:\/\/mertener-schlossgespenster.de\/#\/schema\/logo\/image\/","url":"https:\/\/mertener-schlossgespenster.de\/wp-content\/uploads\/2023\/08\/cropped-Logo-Klein-m-1.png","contentUrl":"https:\/\/mertener-schlossgespenster.de\/wp-content\/uploads\/2023\/08\/cropped-Logo-Klein-m-1.png","width":512,"height":512,"caption":"Mertener Schlossgespenster"},"image":{"@id":"https:\/\/mertener-schlossgespenster.de\/#\/schema\/logo\/image\/"}}]}},"_links":{"self":[{"href":"https:\/\/mertener-schlossgespenster.de\/index.php?rest_route=\/wp\/v2\/pages\/145","targetHints":{"allow":["GET"]}}],"collection":[{"href":"https:\/\/mertener-schlossgespenster.de\/index.php?rest_route=\/wp\/v2\/pages"}],"about":[{"href":"https:\/\/mertener-schlossgespenster.de\/index.php?rest_route=\/wp\/v2\/types\/page"}],"author":[{"embeddable":true,"href":"https:\/\/mertener-schlossgespenster.de\/index.php?rest_route=\/wp\/v2\/users\/2"}],"replies":[{"embeddable":true,"href":"https:\/\/mertener-schlossgespenster.de\/index.php?rest_route=%2Fwp%2Fv2%2Fcomments&post=145"}],"version-history":[{"count":2,"href":"https:\/\/mertener-schlossgespenster.de\/index.php?rest_route=\/wp\/v2\/pages\/145\/revisions"}],"predecessor-version":[{"id":1667,"href":"https:\/\/mertener-schlossgespenster.de\/index.php?rest_route=\/wp\/v2\/pages\/145\/revisions\/1667"}],"wp:attachment":[{"href":"https:\/\/mertener-schlossgespenster.de\/index.php?rest_route=%2Fwp%2Fv2%2Fmedia&parent=145"}],"curies":[{"name":"wp","href":"https:\/\/api.w.org\/{rel}","templated":true}]}}