{"id":1269,"date":"2025-11-10T16:10:24","date_gmt":"2025-11-10T15:10:24","guid":{"rendered":"https:\/\/mertener-schlossgespenster.de\/?page_id=1269"},"modified":"2026-04-10T10:07:38","modified_gmt":"2026-04-10T08:07:38","slug":"impressum-2","status":"publish","type":"page","link":"https:\/\/mertener-schlossgespenster.de\/?page_id=1269","title":{"rendered":"Impressum"},"content":{"rendered":"<p><strong>Inhaltlich Verantwortlich gem\u00e4\u00df \u00a7 10 Abs. 3 MDStV und Angaben gem\u00e4\u00df \u00a7 5 TMG<\/strong><\/p>\n<p>Mertener-Schlossgespenster e.V.<br \/>\nKirchweg 5<br \/>\n53783 Eitorf<\/p>\n<p><strong>Vertreten durch den Vorstand:<\/strong><br \/>\n1. Vorsitzender: J\u00f6rg Gherman<br \/>\n2. Vorsitzende: Sinja Ewald<\/p>\n<p><strong>Kontakt:<\/strong><br \/>\nTelefon: +49 (0) 2243 82803<br \/>\nE-Mail: info@mertener-schlossgespenster.de<\/p>\n<p><strong>Registergericht:<\/strong><br \/>\nAmtsgericht Siegburg<br \/>\nRegisternummer: VR1788<\/p>\n<p><b>Gew\u00e4hrleistung<br \/>\n<\/b>Alle Angaben dieses Internetangebotes wurden sorgf\u00e4ltig gepr\u00fcft. Wir bem\u00fchen uns, dieses Informationsangebot stetig zu erweitern und zu aktualisieren. Eine Garantie f\u00fcr die Vollst\u00e4ndigkeit, Richtigkeit und letzte Aktualit\u00e4t kann jedoch nicht \u00fcbernommen werden.<\/p>\n<p><b>Urheberrecht<br \/>\n<\/b>Alle Texte, Abbildungen und Verweise dieser Website unterliegen dem Urheberrecht und allen anderen Gesetzen zum Schutz des geistigen Eigentums. Eine Verwendung, auch auszugsweise, ist ohne schriftliche Genehmigung durch den Vorstand der Elterninitiative Klingenderstra\u00dfe e.V. urheberrechtswidrig, daher strafbar und wird definitiv verfolgt. Dies gilt f\u00fcr jegliche Form der Verarbeitung, Vervielf\u00e4ltigung oder Verbreitung in allen Medien, gleich welcher Form, insbesondere aber unter Verwendung elektronischer Systeme.<\/p>\n","protected":false},"excerpt":{"rendered":"<p>Inhaltlich Verantwortlich gem\u00e4\u00df \u00a7 10 Abs. 3 MDStV und Angaben gem\u00e4\u00df \u00a7 5 TMG Mertener-Schlossgespenster e.V. Kirchweg 5 53783 Eitorf Vertreten durch den Vorstand: 1. Vorsitzender: J\u00f6rg Gherman 2. Vorsitzende: Sinja Ewald Kontakt: Telefon: +49 (0) 2243 82803 E-Mail: info@mertener-schlossgespenster.de Registergericht: Amtsgericht Siegburg Registernummer: VR1788 Gew\u00e4hrleistung Alle Angaben dieses Internetangebotes wurden sorgf\u00e4ltig gepr\u00fcft. Wir bem\u00fchen &#8230; <a title=\"Impressum\" class=\"read-more\" href=\"https:\/\/mertener-schlossgespenster.de\/?page_id=1269\" aria-label=\"Mehr Informationen \u00fcber Impressum\">Weiterlesen<\/a><\/p>\n","protected":false},"author":3,"featured_media":0,"parent":0,"menu_order":0,"comment_status":"closed","ping_status":"closed","template":"","meta":{"footnotes":""},"class_list":["post-1269","page","type-page","status-publish"],"yoast_head":"<!-- This site is optimized with the Yoast SEO plugin v27.1.1 - https:\/\/yoast.com\/product\/yoast-seo-wordpress\/ -->\n<title>Impressum - Mertener Schlossgespenster<\/title>\n<meta name=\"robots\" content=\"noindex, follow\" \/>\n<script type=\"application\/ld+json\" class=\"yoast-schema-graph\">{\"@context\":\"https:\/\/schema.org\",\"@graph\":[{\"@type\":\"WebPage\",\"@id\":\"https:\/\/mertener-schlossgespenster.de\/?page_id=1269\",\"url\":\"https:\/\/mertener-schlossgespenster.de\/?page_id=1269\",\"name\":\"Impressum - Mertener Schlossgespenster\",\"isPartOf\":{\"@id\":\"https:\/\/mertener-schlossgespenster.de\/#website\"},\"datePublished\":\"2025-11-10T15:10:24+00:00\",\"dateModified\":\"2026-04-10T08:07:38+00:00\",\"breadcrumb\":{\"@id\":\"https:\/\/mertener-schlossgespenster.de\/?page_id=1269#breadcrumb\"},\"inLanguage\":\"de\",\"potentialAction\":[{\"@type\":\"ReadAction\",\"target\":[\"https:\/\/mertener-schlossgespenster.de\/?page_id=1269\"]}]},{\"@type\":\"BreadcrumbList\",\"@id\":\"https:\/\/mertener-schlossgespenster.de\/?page_id=1269#breadcrumb\",\"itemListElement\":[{\"@type\":\"ListItem\",\"position\":1,\"name\":\"Startseite\",\"item\":\"https:\/\/mertener-schlossgespenster.de\/\"},{\"@type\":\"ListItem\",\"position\":2,\"name\":\"Impressum\"}]},{\"@type\":\"WebSite\",\"@id\":\"https:\/\/mertener-schlossgespenster.de\/#website\",\"url\":\"https:\/\/mertener-schlossgespenster.de\/\",\"name\":\"Mertener Schlossgespenster\",\"description\":\"\",\"publisher\":{\"@id\":\"https:\/\/mertener-schlossgespenster.de\/#organization\"},\"potentialAction\":[{\"@type\":\"SearchAction\",\"target\":{\"@type\":\"EntryPoint\",\"urlTemplate\":\"https:\/\/mertener-schlossgespenster.de\/?s={search_term_string}\"},\"query-input\":{\"@type\":\"PropertyValueSpecification\",\"valueRequired\":true,\"valueName\":\"search_term_string\"}}],\"inLanguage\":\"de\"},{\"@type\":\"Organization\",\"@id\":\"https:\/\/mertener-schlossgespenster.de\/#organization\",\"name\":\"Mertener Schlossgespenster\",\"url\":\"https:\/\/mertener-schlossgespenster.de\/\",\"logo\":{\"@type\":\"ImageObject\",\"inLanguage\":\"de\",\"@id\":\"https:\/\/mertener-schlossgespenster.de\/#\/schema\/logo\/image\/\",\"url\":\"https:\/\/mertener-schlossgespenster.de\/wp-content\/uploads\/2023\/08\/cropped-Logo-Klein-m-1.png\",\"contentUrl\":\"https:\/\/mertener-schlossgespenster.de\/wp-content\/uploads\/2023\/08\/cropped-Logo-Klein-m-1.png\",\"width\":512,\"height\":512,\"caption\":\"Mertener Schlossgespenster\"},\"image\":{\"@id\":\"https:\/\/mertener-schlossgespenster.de\/#\/schema\/logo\/image\/\"}}]}<\/script>\n<!-- \/ Yoast SEO plugin. -->","yoast_head_json":{"title":"Impressum - Mertener Schlossgespenster","robots":{"index":"noindex","follow":"follow"},"schema":{"@context":"https:\/\/schema.org","@graph":[{"@type":"WebPage","@id":"https:\/\/mertener-schlossgespenster.de\/?page_id=1269","url":"https:\/\/mertener-schlossgespenster.de\/?page_id=1269","name":"Impressum - Mertener Schlossgespenster","isPartOf":{"@id":"https:\/\/mertener-schlossgespenster.de\/#website"},"datePublished":"2025-11-10T15:10:24+00:00","dateModified":"2026-04-10T08:07:38+00:00","breadcrumb":{"@id":"https:\/\/mertener-schlossgespenster.de\/?page_id=1269#breadcrumb"},"inLanguage":"de","potentialAction":[{"@type":"ReadAction","target":["https:\/\/mertener-schlossgespenster.de\/?page_id=1269"]}]},{"@type":"BreadcrumbList","@id":"https:\/\/mertener-schlossgespenster.de\/?page_id=1269#breadcrumb","itemListElement":[{"@type":"ListItem","position":1,"name":"Startseite","item":"https:\/\/mertener-schlossgespenster.de\/"},{"@type":"ListItem","position":2,"name":"Impressum"}]},{"@type":"WebSite","@id":"https:\/\/mertener-schlossgespenster.de\/#website","url":"https:\/\/mertener-schlossgespenster.de\/","name":"Mertener Schlossgespenster","description":"","publisher":{"@id":"https:\/\/mertener-schlossgespenster.de\/#organization"},"potentialAction":[{"@type":"SearchAction","target":{"@type":"EntryPoint","urlTemplate":"https:\/\/mertener-schlossgespenster.de\/?s={search_term_string}"},"query-input":{"@type":"PropertyValueSpecification","valueRequired":true,"valueName":"search_term_string"}}],"inLanguage":"de"},{"@type":"Organization","@id":"https:\/\/mertener-schlossgespenster.de\/#organization","name":"Mertener Schlossgespenster","url":"https:\/\/mertener-schlossgespenster.de\/","logo":{"@type":"ImageObject","inLanguage":"de","@id":"https:\/\/mertener-schlossgespenster.de\/#\/schema\/logo\/image\/","url":"https:\/\/mertener-schlossgespenster.de\/wp-content\/uploads\/2023\/08\/cropped-Logo-Klein-m-1.png","contentUrl":"https:\/\/mertener-schlossgespenster.de\/wp-content\/uploads\/2023\/08\/cropped-Logo-Klein-m-1.png","width":512,"height":512,"caption":"Mertener Schlossgespenster"},"image":{"@id":"https:\/\/mertener-schlossgespenster.de\/#\/schema\/logo\/image\/"}}]}},"_links":{"self":[{"href":"https:\/\/mertener-schlossgespenster.de\/index.php?rest_route=\/wp\/v2\/pages\/1269","targetHints":{"allow":["GET"]}}],"collection":[{"href":"https:\/\/mertener-schlossgespenster.de\/index.php?rest_route=\/wp\/v2\/pages"}],"about":[{"href":"https:\/\/mertener-schlossgespenster.de\/index.php?rest_route=\/wp\/v2\/types\/page"}],"author":[{"embeddable":true,"href":"https:\/\/mertener-schlossgespenster.de\/index.php?rest_route=\/wp\/v2\/users\/3"}],"replies":[{"embeddable":true,"href":"https:\/\/mertener-schlossgespenster.de\/index.php?rest_route=%2Fwp%2Fv2%2Fcomments&post=1269"}],"version-history":[{"count":4,"href":"https:\/\/mertener-schlossgespenster.de\/index.php?rest_route=\/wp\/v2\/pages\/1269\/revisions"}],"predecessor-version":[{"id":1693,"href":"https:\/\/mertener-schlossgespenster.de\/index.php?rest_route=\/wp\/v2\/pages\/1269\/revisions\/1693"}],"wp:attachment":[{"href":"https:\/\/mertener-schlossgespenster.de\/index.php?rest_route=%2Fwp%2Fv2%2Fmedia&parent=1269"}],"curies":[{"name":"wp","href":"https:\/\/api.w.org\/{rel}","templated":true}]}}